2, 29, 211
List the prime factors of 1551.
3, 11, 47
What are the prime factors of 44968?
2, 7, 11, 73
What are the prime factors of 3837?
3, 1279
What are the prime factors of 7829?
7829
List the prime factors of 32509.
19, 29, 59
What are the prime factors of 447?
3, 149
List the prime factors of 39395.
5, 7879
List the prime factors of 905.
5, 181
List the prime factors of 183.
3, 61
What are the prime factors of 688?
2, 43
What are the prime factors of 1745?
5, 349
List the prime factors of 1847.
1847
What are the prime factors of 661?
661
What are the prime factors of 45652?
2, 101, 113
What are the prime factors of 978?
2, 3, 163
What are the prime factors of 864?
2, 3
What are the prime factors of 35?
5, 7
List the prime factors of 1977.
3, 659
List the prime factors of 7725.
3, 5, 103
List the prime factors of 8813.
7, 1259
List the prime factors of 3075.
3, 5, 41
List the prime factors of 7743.
3, 29, 89
What are the prime factors of 3352?
2, 419
List the prime factors of 133247.
19, 7013
List the prime factors of 14709.
3, 4903
List the prime factors of 282.
2, 3, 47
List the prime factors of 2303.
7, 47
List the prime factors of 10139.
10139
What are the prime factors of 1385?
5, 277
What are the prime factors of 49360?
2, 5, 617
List the prime factors of 661.
661
List the prime factors of 5057.
13, 389
What are the prime factors of 19188?
2, 3, 13, 41
List the prime factors of 756.
2, 3, 7
What are the prime factors of 7006?
2, 31, 113
List the prime factors of 150.
2, 3, 5
What are the prime factors of 6775?
5, 271
List the prime factors of 111379.
127, 877
What are the prime factors of 52?
2, 13
List the prime factors of 1584.
2, 3, 11
List the prime factors of 5098.
2, 2549
List the prime factors of 46250.
2, 5, 37
What are the prime factors of 31662?
2, 3, 1759
What are the prime factors of 1009?
1009
What are the prime factors of 6130?
2, 5, 613
List the prime factors of 17359.
17359
List the prime factors of 43479.
3, 4831
What are the prime factors of 2609?
2609
List the prime factors of 7053.
3, 2351
What are the prime factors of 33957?
3, 7, 11
What are the prime factors of 2696?
2, 337
List the prime factors of 495.
3, 5, 11
List the prime factors of 10432.
2, 163
What are the prime factors of 21268?
2, 13, 409
What are the prime factors of 89875?
5, 719
What are the prime factors of 1360?
2, 5, 17
List the prime factors of 6910.
2, 5, 691
List the prime factors of 119166.
2, 3, 19861
What are the prime factors of 548?
2, 137
What are the prime factors of 43613?
43613
What are the prime factors of 782?
2, 17, 23
What are the prime factors of 2201?
31, 71
List the prime factors of 922.
2, 461
List the prime factors of 25602.
2, 3, 17, 251
What are the prime factors of 10429?
10429
What are the prime factors of 44639?
7, 911
List the prime factors of 12628.
2, 7, 11, 41
What are the prime factors of 4076?
2, 1019
What are the prime factors of 50027?
19, 2633
What are the prime factors of 62789?
37, 1697
List the prime factors of 2085.
3, 5, 139
What are the prime factors of 4020?
2, 3, 5, 67
List the prime factors of 517.
11, 47
List the prime factors of 7404.
2, 3, 617
What are the prime factors of 169696?
2, 5303
List the prime factors of 27544.
2, 11, 313
What are the prime factors of 1463?
7, 11, 19
What are the prime factors of 59311?
7, 37, 229
List the prime factors of 1621.
1621
What are the prime factors of 58357?
13, 67
List the prime factors of 35200.
2, 5, 11
What are the prime factors of 143040?
2, 3, 5, 149
What are the prime factors of 1112?
2, 139
List the prime factors of 10505.
5, 11, 191
List the prime factors of 2985.
3, 5, 199
List the prime factors of 283.
283
List the prime factors of 1912.
2, 239
What are the prime factors of 89351?
199, 449
What are the prime factors of 24420?
2, 3, 5, 11, 37
What are the prime factors of 3570?
2, 3, 5, 7, 17
What are the prime factors of 1774?
2, 887
List the prime factors of 11093.
11093
What are the prime factors of 705?
3, 5, 47
What are the prime factors of 363?
3, 11
List the prime factors of 9534.
2, 3, 7, 227
List the prime factors of 7216.
2, 11, 41
What are the prime factors of 9644?
2, 2411
What are the prime factors of 5287?
17, 311
What are the prime factors of 66629?
66629
What are the prime factors of 2666?
2, 31, 43
What are the prime factors of 28951?
13, 17, 131
List the prime factors of 1968.
2, 3, 41
List the prime factors of 24652.
2, 6163
List the prime factors of 1613.
1613
List the prime factors of 149587.
19, 7873
List the prime factors of 9051.
3, 7, 431
What are the prime factors of 274?
2, 137
List the prime factors of 1945.
5, 389
What are the prime factors of 40840?
2, 5, 1021
What are the prime factors of 993?
3, 331
List the prime factors of 408.
2, 3, 17
What are the prime factors of 29575?
5, 7, 13
What are the prime factors of 22856?
2, 2857
What are the prime factors of 2326?
2, 1163
List the prime factors of 605.
5, 11
What are the prime factors of 2772?
2, 3, 7, 11
What are the prime factors of 2554?
2, 1277
What are the prime factors of 161?
7, 23
List the prime factors of 404.
2, 101
What are the prime factors of 1067?
11, 97
List the prime factors of 30508.
2, 29, 263
What are the prime factors of 46589?
46589
What are the prime factors of 6021?
3, 223
What are the prime factors of 1070?
2, 5, 107
List the prime factors of 1052.
2, 263
What are the prime factors of 27991?
23, 1217
List the prime factors of 203.
7, 29
List the prime factors of 32372.
2, 8093
What are the prime factors of 2573?
31, 83
What are the prime factors of 11838?
2, 3, 1973
List the prime factors of 840.
2, 3, 5, 7
What are the prime factors of 6457?
11, 587
What are the prime factors of 227?
227
What are the prime factors of 73062?
2, 3, 11, 41
What are the prime factors of 9730?
2, 5, 7, 139
What are the prime factors of 15732?
2, 3, 19, 23
List the prime factors of 4053.
3, 7, 193
List the prime factors of 8782.
2, 4391
What are the prime factors of 2103?
3, 701
What are the prime factors of 60822?
2, 3, 31, 109
What are the prime factors of 768?
2, 3
List the prime factors of 53247.
3, 17749
List the prime factors of 228.
2, 3, 19
List the prime factors of 18783.
3, 2087
What are the prime factors of 3567?
3, 29, 41
List the prime factors of 2154.
2, 3, 359
What are the prime factors of 809?
809
List the prime factors of 2528.
2, 79
What are the prime factors of 1317?
3, 439
List the prime factors of 1622.
2, 811
List the prime factors of 26168.
2, 3271
What are the prime factors of 3786?
2, 3, 631
What are the prime factors of 3350?
2, 5, 67
List the prime factors of 16279.
73, 223
List the prime factors of 786.
2, 3, 131
List the prime factors of 40.
2, 5
What are the prime factors of 24756?
2, 3, 2063
What are the prime factors of 42026?
2, 21013
What are the prime factors of 2015?
5, 13, 31
List the prime factors of 45088.
2, 1409
List the prime factors of 70898.
2, 35449
What are the prime factors of 355?
5, 71
List the prime factors of 59531.
59, 1009
List the prime factors of 1578.
2, 3, 263
List the prime factors of 448.
2, 7
What are the prime factors of 14733?
3, 1637
What are the prime factors of 5977?
43, 139
List the prime factors of 26770.
2, 5, 2677
What are the prime factors of 2257?
37, 61
What are the prime factors of 8458?
2, 4229
List the prime factors of 282.
2, 3, 47
What are the prime factors of 42572?
2, 29, 367
What are the prime factors of 1504?
2, 47
What are the prime factors of 56927?
13, 29, 151
What are the prime factors of 7383?
3, 23, 107
What are the prime factors of 1414?
2, 7, 101
List the prime factors of 304.
2, 19
What are the prime factors of 1587?
3, 23
What are the prime factors of 1670?
2, 5, 167
What are the prime factors of 1747?
1747
List the prime factors of 1859.
11, 13
List the prime factors of 4136.
2, 11, 47
What are the prime factors of 177?
3, 59
List the prime factors of 229.
229
List the prime factors of 422.
2, 211
What are the prime factors of 2717?
11, 13, 19
List the prime factors of 4413.
3, 1471
What are the prime factors of 54250?
2, 5, 7, 31
List the prime factors of 43950.
2, 3, 5, 293
What are the prime factors of 45716?
2, 11, 1039
What are the prime factors of 39664?
2, 37, 67
L